
What are the prime factors of 339681?
3, 113227
What are the prime factors of 925246?
2, 7, 66089
List the prime factors of 480412.
2, 120103
What are the prime factors of 9072105?
3, 5, 7, 12343
List the prime factors of 38491.
61, 631
List the prime factors of 389193.
3, 7, 43, 431
What are the prime factors of 1763273?
1763273
What are the prime factors of 104205?
3, 5, 6947
What are the prime factors of 247001?
247001
What are the prime factors of 4253853?
3, 19, 37, 2017
List the prime factors of 1338.
2, 3, 223
List the prime factors of 250497.
3, 13, 2141
What are the prime factors of 747596?
2, 31, 6029
What are the prime factors of 412448?
2, 12889
What are the prime factors of 2933696?
2, 23, 1993
What are the prime factors of 1895019?
3, 7, 90239
What are the prime factors of 130387?
23, 5669
List the prime factors of 278224.
2, 17389
List the prime factors of 18516831.
3, 6172277
What are the prime factors of 691950?
2, 3, 5, 7, 659
What are the prime factors of 218556?
2, 3, 13, 467
What are the prime factors of 622732?
2, 11, 14153
What are the prime factors of 676933?
151, 4483
List the prime factors of 3679697.
7, 525671
What are the prime factors of 206423?
7, 37, 797
List the prime factors of 23991717.
3, 7997239
What are the prime factors of 1397285?
5, 43, 67, 97
What are the prime factors of 1631206?
2, 23, 35461
What are the prime factors of 877589?
101, 8689
List the prime factors of 273295.
5, 11, 4969
What are the prime factors of 19781824?
2, 309091
What are the prime factors of 944695?
5, 188939
List the prime factors of 112450.
2, 5, 13, 173
List the prime factors of 2679.
3, 19, 47
What are the prime factors of 2616698?
2, 7, 26701
What are the prime factors of 2547299?
61, 41759
List the prime factors of 6532768.
2, 11, 67, 277
What are the prime factors of 276116?
2, 69029
List the prime factors of 103184.
2, 6449
List the prime factors of 691216.
2, 43201
What are the prime factors of 1161910?
2, 5, 116191
What are the prime factors of 3496450?
2, 5, 69929
What are the prime factors of 6006373?
6006373
What are the prime factors of 1538316?
2, 3, 13, 19, 173
List the prime factors of 443904.
2, 3, 17
List the prime factors of 388418.
2, 157, 1237
List the prime factors of 159144.
2, 3, 19, 349
What are the prime factors of 4240860?
2, 3, 5, 13, 5437
What are the prime factors of 185447?
53, 3499
List the prime factors of 496933.
653, 761
List the prime factors of 1739326.
2, 869663
List the prime factors of 788114.
2, 389, 1013
What are the prime factors of 127450?
2, 5, 2549
What are the prime factors of 1318009?
7, 11, 17117
What are the prime factors of 8940670?
2, 5, 894067
List the prime factors of 7732538.
2, 11, 351479
List the prime factors of 838112.
2, 11, 2381
List the prime factors of 1930361.
347, 5563
What are the prime factors of 2023563?
3, 23, 29327
What are the prime factors of 213853?
79, 2707
List the prime factors of 21164.
2, 11, 13, 37
List the prime factors of 2768631.
3, 83, 11119
List the prime factors of 76670.
2, 5, 11, 17, 41
What are the prime factors of 237101?
19, 12479
List the prime factors of 1346938.
2, 673469
What are the prime factors of 4938641?
31, 159311
What are the prime factors of 582483?
3, 11, 19, 929
What are the prime factors of 186093?
3, 23, 29, 31
What are the prime factors of 130799?
139, 941
What are the prime factors of 15807281?
7, 2258183
What are the prime factors of 3216877?
139, 23143
What are the prime factors of 957058?
2, 29, 569
List the prime factors of 2850642.
2, 3, 29, 43, 127
List the prime factors of 2208496.
2, 97, 1423
List the prime factors of 107764.
2, 29, 929
List the prime factors of 3824247.
3, 7, 182107
List the prime factors of 4935224.
2, 7, 88129
List the prime factors of 609329.
7, 61, 1427
List the prime factors of 420148.
2, 105037
What are the prime factors of 2553421?
13, 29, 521
What are the prime factors of 128447?
11, 11677
What are the prime factors of 274232?
2, 7, 59, 83
What are the prime factors of 10844650?
2, 5, 89, 2437
What are the prime factors of 401875?
5, 643
What are the prime factors of 7427649?
3, 2475883
What are the prime factors of 697183?
197, 3539
What are the prime factors of 251981?
29, 8689
What are the prime factors of 3939985?
5, 7, 112571
List the prime factors of 31620.
2, 3, 5, 17, 31
List the prime factors of 2134687.
67, 151, 211
List the prime factors of 1943428.
2, 43, 11299
List the prime factors of 4969522.
2, 197, 12613
What are the prime factors of 292563?
3, 32507
What are the prime factors of 7563732?
2, 3, 11, 57301
What are the prime factors of 1165537?
17, 37, 109
List the prime factors of 3367831.
139, 24229
What are the prime factors of 7726720?
2, 5, 12073
What are the prime factors of 5807283?
3, 1117, 1733
List the prime factors of 728352.
2, 3, 281
What are the prime factors of 63571?
151, 421
What are the prime factors of 2632272?
2, 3, 29, 31, 61
List the prime factors of 275452.
2, 68863
List the prime factors of 609298.
2, 67, 4547
What are the prime factors of 5840449?
5840449
What are the prime factors of 5760908?
2, 29, 49663
What are the prime factors of 183235?
5, 13, 2819
List the prime factors of 2752712.
2, 223, 1543
What are the prime factors of 25662058?
2, 12831029
List the prime factors of 13234540.
2, 5, 11, 43, 1399
List the prime factors of 27331733.
11, 13, 17, 11243
List the prime factors of 1821879.
3, 67477
What are the prime factors of 314509?
13, 1861
What are the prime factors of 31281?
3, 10427
What are the prime factors of 11103021?
3, 191, 2153
What are the prime factors of 8620483?
109, 79087
List the prime factors of 26363632.
2, 1647727
What are the prime factors of 3754879?
1061, 3539
What are the prime factors of 342214?
2, 397, 431
List the prime factors of 7053657.
3, 13, 17, 10639
List the prime factors of 5369451.
3, 1249, 1433
List the prime factors of 186836.
2, 13, 3593
List the prime factors of 28259779.
28259779
What are the prime factors of 13482779?
43, 313553
What are the prime factors of 433091?
163, 2657
List the prime factors of 401191.
7, 37, 1549
What are the prime factors of 624997?
624997
List the prime factors of 56992.
2, 13, 137
List the prime factors of 154548.
2, 3, 53
List the prime factors of 40367617.
97, 281, 1481
What are the prime factors of 7173975?
3, 5, 41, 2333
List the prime factors of 10951.
47, 233
List the prime factors of 3895019.
19, 29, 7069
What are the prime factors of 45548?
2, 59, 193
List the prime factors of 31007.
101, 307
What are the prime factors of 6984013?
67, 104239
List the prime factors of 120443.
43, 2801
What are the prime factors of 4002547?
4002547
List the prime factors of 834647.
11, 23, 3299
List the prime factors of 8585666.
2, 353, 12161
List the prime factors of 381187.
89, 4283
What are the prime factors of 4727508?
2, 3, 151, 2609
What are the prime factors of 133105?
5, 7, 3803
List the prime factors of 4315021.
739, 5839
What are the prime factors of 17830823?
17830823
List the prime factors of 28389.
3, 9463
List the prime factors of 1347275.
5, 53891
What are the prime factors of 3612564?
2, 3, 23, 4363
List the prime factors of 4275862.
2, 2137931
What are the prime factors of 3049581?
3, 1016527
List the prime factors of 630617.
13, 179, 271
List the prime factors of 1016168.
2, 37, 3433
What are the prime factors of 309652?
2, 7, 11059
What are the prime factors of 13728252?
2, 3, 29, 103, 383
What are the prime factors of 3603532?
2, 379, 2377
What are the prime factors of 25698327?
3, 8566109
What are the prime factors of 471285?
3, 5, 3491
What are the prime factors of 158369?
29, 43, 127
List the prime factors of 2706885.
3, 5, 20051
List the prime factors of 1105716.
2, 3, 92143
List the prime factors of 3891235.
5, 778247
What are the prime factors of 40966?
2, 20483
What are the prime factors of 279705?
3, 5, 29, 643
List the prime factors of 27599.
11, 13, 193
What are the prime factors of 9482461?
619, 15319
List the prime factors of 235970.
2, 5, 7, 3371
What are the prime factors of 565897?
61, 9277
What are the prime factors of 226682?
2, 113341
List the prime factors of 2825291.
7, 8237
List the prime factors of 19560052.
2, 4890013
List the prime fact